= u*b(g) + 7*y(g). Give s(-4).
-3
Let s(x) be the second derivative of -x**4/12 + 7*x**3/6 - 2*x**2 + x. What is s(5)?
6
Suppose 0 = 5*t - 3*a + a + 46, 4*t + a = -29. Let s(v) = -v - 15. What is s(t)?
-7
Let g(d) = -d + 1. Let s(h) = 5*h - 1. Let w(v) = -4*g(v) - s(v). Let l(j) = -3*j - 12. Let q(o) = -2*l(o) + 9*w(o). Determine q(-3).
6
Let h(j) = 2*j - 3. Let a(x) = x**3 - 4*x**2 + 5*x + 5. Let p(k) = k. Let n(r) = a(r) - 5*p(r). Let l be n(4). Calculate h(l).
7
Let j(i) = 12*i + 3. Let q(v) = v**3 - v**2 - 2. Let w be q(0). Calculate j(w).
-21
Let q(s) = -7*s + 3 + 6*s + 2*s - 11. What is q(7)?
-1
Let u(x) = x**2 + 3*x - 3. Let y be u(-4). Suppose 3*o + y = 10. Let l = -6 + o. Let h(g) = -g**2 - 2*g. Calculate h(l).
-3
Let m(u) be the second derivative of u**5/120 - u**4/4 + u**3/3 + 2*u. Let d(v) be the second derivative of m(v). Determine d(-5).
-11
Let a(o) = o**2 + o - 5. Let u = 45 - 45. What is a(u)?
-5
Let m(s) = s**3 - 2*s - 3. Let d be 280/(-36) - 2/9. Let b be (-44)/16 - 6/d. Give m(b).
-7
Let g(c) = c**2 - 5*c - 3. Let o be (-1)/((3/(-9))/1). Let p be (0 - -2)*6/o. What is g(p)?
-7
Let c(o) be the third derivative of o**6/120 - o**4/8 - o**3/3 + 59*o**2. Determine c(3).
16
Let f(r) = -2*r**2 - 11*r + 7. Let q be f(-6). Let o(m) = -19*m - 10. Let w(g) = 6*g + 3. Let x(b) = 2*o(b) + 7*w(b). Determine x(q).
5
Let f(s) = s**2 + 3*s - 1. Suppose 0 = -4*r + 6*r - 3*z + 15, 0 = -2*r - 3*z - 33. Let w = r + 8. Let b = 6 + w. Calculate f(b).
9
Let f(v) = 6*v + 3. Let t be f(-1). Let g(z) = z**2 + 2*z + 2. Give g(t).
5
Let i(n) = -n**3 - 6*n**2 - 4*n. Let l = 5 - 10. What is i(l)?
-5
Suppose 10 + 2 = 2*a. Let c(r) = -a*r**3 + 7*r**3 - r**2 + 3*r**2 + r + 3 + 1. Give c(-3).
-8
Let w(n) = 4*n. Suppose -5*y = -y - 8. Let d be 1/y + 3/(-2). Calculate w(d).
-4
Suppose 1 = 3*i + 2*s + 8, 0 = 4*i + 5*s + 14. Let d = i - -2. Let h(a) = -a**2 - a + 1. What is h(d)?
-1
Let h = 89 - 84. Let u(x) = -5*x**2 + 9*x + 6. Let d(g) = -g**2 + g + 1. Let k(a) = 4*d(a) - u(a). Calculate k(h).
-2
Let k(w) = -w - 6. Let u = 10 + -6. Suppose r = -0 + 4. Let s be (u/r)/(1/(-3)). Give k(s).
-3
Let g be -8*-1*(-2)/(-4). Let p(i) = -7*i - 3. Let j(z) = -8*z - 4. Let t(o) = -2*o**2 + 5*o - 2. Let l be t(3). Let f(b) = g*j(b) + l*p(b). Give f(2).
5
Suppose 2 = 2*h - 2*g, 0*h + 3*h + 3*g = -27. Let m(v) = -v**2 - 6*v + 1. Determine m(h).
9
Let q(c) = 2*c - 4. Let y(s) = -3*s - 4. Let j be ((-12)/8)/((-2)/(-4)). Let i be y(j). Calculate q(i).
6
Let j = -15 + 17. Let u(q) = -3*q - 4 - q**3 - 5*q**j + q**2 + 0*q**2. Determine u(-3).
-4
Let j(r) = 4*r. Let m(x) = -21*x - 1. Let p(c) = -11*j(c) - 2*m(c). Let g be p(-4). Suppose -5*u = -g*u + 20. Let h(n) = -n**2 + 4*n - 4. Give h(u).
-4
Let s(v) = 12*v - 13*v - v**3 - 7*v + 10*v**2 - 11. Give s(9).
-2
Let c(j) = j**3 - 4*j**2 + j + 2. Let q be -2 + 5 - 0/(-3). Suppose -2*d - 24 = -4*u, -4 = 4*u + q*d + 2*d. Give c(u).
6
Let g be (-8)/(-12)*(1 - -2). Let s(h) = 2*h + 0*h - 5*h**g - h**3 + 4*h**2 + 2. Let a(q) = q**2 + 13*q + 10. Let l be a(-12). Calculate s(l).
2
Suppose 4*m + 5*q - 2 - 10 = 0, 3*q = 5*m - 15. Let y(p) = 0*p - 13*p**2 + 7 - 5*p - m*p - p**3 + 4*p**2. Determine y(-8).
7
Let n(r) = -r**3 + 8*r**2 - 6*r - 7. Let w be n(7). Let u be (-1 - w)*-1 - -3. Let o(z) = -7 - z - u*z + 0*z + z**2. Give o(5).
-7
Let y(t) = -t**3 + 5*t**2 - 5*t - 4. Let g = 23 - 21. Suppose -2*w + 4*i = -2 - 14, -5*w + g*i = -24. Determine y(w).
-8
Let i(z) be the first derivative of z**4/4 - 2*z**3/3 - z**2/2 - 3. Let t = -2 - -5. Calculate i(t).
6
Let o(u) = -8*u - 4. Let g(l) = 3*l + 1. Let i(y) = -11*g(y) - 4*o(y). Calculate i(-6).
11
Let x(r) be the first derivative of 3*r**2/2 + 4*r - 1. Suppose 15 = -4*n - 1, -3*m - n = 16. What is x(m)?
-8
Let y(k) = k**2 - 6*k + 5. Suppose 4*b + 40 = 3*x + 5, 0 = 5*x + 2*b - 15. Calculate y(x).
0
Let g(m) = -2*m + 2. Let v be g(0). Let t(a) = -6*a**2 - v*a + 3*a + a**2 + 13 + 4*a**2. What is t(0)?
13
Let c(y) = -3*y**2 - 14*y + 1. Let w be c(-5). Let t(s) = -s**2 - 5*s - 6. Give t(w).
-2
Let w = -13 + 9. Let i(k) = -15*k - 7*k**2 + 2*k**2 + 4*k**2 + 11*k. What is i(w)?
0
Let g = 10 - 5. Let l(y) = -y**2 + 5*y + 8. Let x(s) = -3*s**2 + 16*s + 25. Let v(d) = -7*l(d) + 2*x(d). What is v(g)?
4
Let q(d) = -7*d**3 + 8*d**2 + d + 1. Let w(u) = 15*u**3 - 17*u**2 - 2*u - 2. Let m(v) = -13*q(v) - 6*w(v). Give m(2).
-3
Let n(l) = -6*l**3 - 2*l + 1. Let x be 6/15 + 9/15. Give n(x).
-7
Let v(u) = -9*u**2 + 1. Let a(d) = d**3 + 3*d**2 + 1. Let i be a(-3). Give v(i).
-8
Suppose -3*c = -5 - 4. Let t be 2/c + (-16)/6. Let y(h) = -3*h**2 - 2*h + 2. What is y(t)?
-6
Let a(c) = -11*c**2 + c - 1. Let x = -71 + 72. Determine a(x).
-11
Let b(j) be the second derivative of -j**4/12 + 7*j**3/6 - 3*j**2 - j. Suppose -5*t + 18 = 4*v - 3*t, 16 = 4*v + 4*t. Suppose v*u - 14 - 6 = 0. Give b(u).
6
Let o(b) = -b - 11. Let r be 2/3 + 25/(-15). Suppose 4*k - 2 = 2*k. Let y = r + k. Calculate o(y).
-11
Let d(c) be the first derivative of -c**3 + c**2/2 + c + 1. Suppose 5*l - 2 = 6*l. Let h be (0 - l) + (-6)/2. Calculate d(h).
-3
Let b(s) = s**3 + 7*s**2 + 6*s - 4. Suppose -4*q + 8 = -2*q. Suppose q*h + h = -30. Give b(h).
-4
Let r(n) be the first derivative of n**3/3 - 4*n**2 + 8*n - 1. Let s = 679 - 672. Calculate r(s).
1
Let j(i) be the first derivative of -i**2/2 - 6*i + 1. Let s be j(-10). Let k(o) = o**2 - 4*o - 4. Give k(s).
-4
Let j(n) be the first derivative of -1 + 1/2*n**2 - 1/4*n**4 + 5*n + n**3. Suppose 5*x + 7 = -2*l, 5*l - x = l + 19. What is j(l)?
-7
Let r(f) = f**2 - 9*f + 3. Let q be r(9). Let j(d) = 3*d**3 + 5*d - 4*d**q - d**2 - 4*d + 2 + 0*d**3. What is j(-2)?
4
Let p be ((-15)/25)/((-1)/5). Let h(a) = 10*a**3 - 5*a**2 + 2*a. Let k(y) = -3*y**3 + 2*y**2 - y. Let c(z) = 2*h(z) + 7*k(z). Give c(p).
0
Let i(q) = 5*q**3 + 5*q**2 - 8. Let u(k) = -6*k**3 - 5*k**2 - k + 9. Let n(p) = 5*i(p) + 4*u(p). Give n(-5).
16
Let u be (4 - (-42)/(-2)) + -3. Let m be 5/(u/(-16)) - 5. Let t(r) = -3*r**2 - r - 1. Give t(m).
-3
Let d(f) = 11*f. Let n(l) = 5*l. Let b(j) = 4*d(j) - 9*n(j). Determine b(-3).
3
Let a(x) be the third derivative of x**6/120 + x**5/10 + x**4/24 - 4*x**3/3 + 5*x**2. Determine a(-6).
-14
Let g = 84 - 76. Let c(n) = -n**2 + 7*n + 1. Calculate c(g).
-7
Let d(s) = s + 1. Let j(b) = -b**3 + 5*b**2 + 6*b. Let g(q) = -3*d(q) + j(q). Let w = -7 - -12. Give g(w).
12
Let k be 10/(-3)*30/(-20). Let t(c) = -c**3 + 5*c**2 + c - 5. Calculate t(k).
0
Let p(h) = -2*h**2 + 4*h - 2. Let v(x) = -x**2 - 13*x. Let s be v(-13). Suppose 4 = 2*l - s. Calculate p(l).
-2
Let a(n) = -12*n**2 - n. Let g be ((-1)/(-2))/((-2)/4). Determine a(g).
-11
Let g(b) = b**2 - 7*b + 1. Let d(l) = l**3 - l**2 + 2*l - 3. Let n(z) = -z + 4. Let m be n(4). Suppose m = -0*i - i + 2. Let v be d(i). Determine g(v).
-9
Suppose 4*j - 1 = z + 4, 8 = -2*j + 4*z. Let d(q) = 3*q**2 - 4*q + 3. Determine d(j).
7
Let v(k) be the first derivative of 1/2*k**2 - 2 - 8*k. Suppose 18 - 8 = 2*i. Calculate v(i).
-3
Let c(k) = -k**2 - 6 - 1 - k**3 + 2. Let h(f) = f**2 + f. Let q be h(-1). What is c(q)?
-5
Let g be -4 + -3*(-1 + 0). Let m(u) = -u**2 - 6. Let q(l) = 7. Let y(h) = 7*m(h) + 6*q(h). Calculate y(g).
-7
Suppose 15 = -2*z - 3*j, 33 = -0*z - 4*z - 5*j. Let r be (-2)/(-3) - 64/z. Let c(d) = 2*d - 8. Give c(r).
4
Let q(x) be the second derivative of 1/4*x**4 + 1/20*x**5 - 1/2*x**2 + 0 + 2*x + 1/2*x**3. Give q(-3).
-10
Suppose -10 = -5*i, 4*h - 3*h + 2*i = 0. Let k(g) be the first derivative of -1/4*g**4 + g**2 - 4*g - 1 - g**3. Calculate k(h).
4
Let l(k) = -k**2 + 15*k - 1. Let f(z) = z**2 - 14*z + 2. Let i(d) = 6*f(d) + 5*l(d). Calculate i(7).
-7
Suppose -4*a = a + 25. Let r be (-1)/(2/4) + 6. Let g(c) = 2 + r*c**2 + 7 - 3*c - 5*c**2 - 3. Determine g(a).
-4
Let w be -3 + 9 + -2 + 0. Suppose -4*b - 79 = -u - 2*u, 0 = -u - w*b + 5. Suppose -u = -3*r - 3*x, 4*x - 1 - 7 = r. Let i(z) = -z + 5. Give i(r).
1
Let l(v) = -v**3 - 4*v**2 + v + 4. Let a be l(-4). Suppose 0 = 5*n - 15, 5*n - 5 + a = 5*r. Suppose c = r*c + 4. Let i(f) = 2*f + 5. What is i(c)?
-3
Let m(s) = s**2 - 5*s - 4. Let n be m(6). Suppose 5*g = -15, u + 0*g = n*g + 2. Let l(p) = 2*p + 1. Calculate l(u).
-7
Let r(l) = -l + 1. Suppose 3*a + 4 = 5*q, 0*q - 3 = -3*q + 2*a. Calculate r(q).
2
Suppose 0 = -3